alculate the greatest common divisor of f and 442.
13
Let v be ((-6)/(-7))/(2/(-14)). Let i be ((-116)/v)/((-20)/6 + 4). What is the highest common factor of i and 87?
29
Suppose 5*g + 1 - 6 = -3*j, 0 = 4*g - 16. Let l be 1*2/j*-25. Let s be (-50)/(-100)*5*4. Calculate the greatest common divisor of l and s.
10
Suppose 2*w - 44 = 22. Suppose 5*a - 25 = 0, -21 - 8 = -2*z - 5*a. Suppose 31 = z*s - w. Calculate the greatest common divisor of 8 and s.
8
Suppose 4*d - 3*o - 4523 = 0, -3*o + 4*o + 2259 = 2*d. What is the highest common factor of 69 and d?
23
Let k(h) = -4*h - 79. Let c be k(-27). Suppose l - v + 5*v - 28 = 0, 5*v = -l + c. What is the greatest common factor of 56 and l?
8
Let y = 385 + -289. Calculate the highest common divisor of y and 432.
48
Let j(x) = -x**2 - 4*x - 3. Let h be j(-4). Let v be -3 + 13 - h - -4. Calculate the highest common divisor of 153 and v.
17
Suppose 128 = -3*m - 5*z + 577, -3*m = -5*z - 409. What is the highest common divisor of m and 104?
13
Suppose 14*i - 1710 = 4*i. What is the highest common divisor of 19 and i?
19
Suppose -3*s = -4*b - 40, 2*s - 27 = 5*b - 2*b. Let h be (-10 - -7) + (-11)/(0 + 4/(-36)). Calculate the greatest common divisor of h and s.
12
Let n be (-21)/2*(-5 + 55/15). Let c be 1 + 3 - 12/(-4). What is the greatest common divisor of n and c?
7
Let z be 4*1/20*20. What is the highest common divisor of 416 and z?
4
Let p = -267 + 300. Let x be (45 - 1)*1/2. What is the highest common factor of p and x?
11
Let y(b) = -319*b - 1076. Let z be y(-4). What is the greatest common divisor of 15 and z?
5
Suppose -b - 11 = 4*f, 0*f + 5*b = 2*f + 33. Suppose -2*a = -7*a + 180. Let p = f + a. What is the highest common divisor of 4 and p?
4
Let s = 0 - -20. Let j = 33 - s. What is the highest common divisor of j and 78?
13
Suppose 0 = -2*w + n + 1 + 3, -n = w - 2. Let h = 0 - w. Let k be (-375)/h + 5/(-10). What is the highest common factor of k and 17?
17
Suppose -4*n + 54*x - 53*x = -115, -118 = -4*n - 2*x. What is the highest common factor of n and 1247?
29
Let j be ((-54)/(-81) - (-1 + 1))*684. Calculate the highest common divisor of 57 and j.
57
Let g be 1/(((-4)/326)/(-2)). Let t = -11 + 16. Suppose t*y = 222 + g. Calculate the highest common factor of 7 and y.
7
Let w be ((-75)/4)/((-1)/4). Let a be (-35)/2*(-80)/28. Calculate the greatest common divisor of w and a.
25
Let t = 10 + -6. Suppose -4*n = -t*l - 784, 5*n = 2*l + 2*l + 984. Let y(b) = -8*b + 1. Let i be y(-3). What is the greatest common divisor of i and n?
25
Let g = -2669 + 2930. Suppose -5*p + 152 - 7 = 0. What is the highest common divisor of g and p?
29
Let u = -309 + 624. Suppose 3*w - u = -2*w. Let c be (-500)/(-12) - 1/(-3). Calculate the highest common factor of c and w.
21
Let g be (2/3)/((-24)/288) + 38. Calculate the greatest common factor of 168 and g.
6
Let o(p) = -3*p + 6. Let f be o(-22). Suppose 0 = 3*y + y - 8. Suppose 5*h - y*w - 49 = 0, -2*h - 6*w = -w - 8. What is the highest common divisor of f and h?
9
Let m = 379 - 365. Calculate the highest common divisor of m and 1204.
14
Let y be (-52)/(-12) + -4 + 275/75. What is the highest common divisor of y and 178?
2
Let j = 175 + -96. Let r = 93 + -38. Let p = j - r. What is the highest common factor of 3 and p?
3
Let w = 39 + -3. Let i(r) = 5*r**3 + 3*r**2 - 3*r + 2. Let p be i(2). Calculate the greatest common divisor of p and w.
12
Let y(z) be the second derivative of z**3/6 + 29*z**2/2 - 4*z. Let v be y(-21). Calculate the greatest common divisor of v and 40.
8
Suppose 4*a + 12 = -4*d + 160, -5*a + 5*d + 235 = 0. Let z = -641 - -669. Calculate the greatest common factor of a and z.
14
Suppose 11 = -m + 451. Suppose -3*t + 28 = q, 38 + 22 = 2*q + 5*t. What is the highest common factor of m and q?
40
Suppose 14*c - 500 - 144 = 0. Calculate the greatest common factor of c and 161.
23
Let w be 50 + -4 - (2 - 1)/1. Let j be 5934/27 + 10/w. What is the greatest common divisor of 20 and j?
20
Let a(i) = 2*i**3 + 3*i**2 + 2*i - 6. Let q be a(2). Calculate the highest common factor of q and 702.
26
Let h be 106/6 - 3/(-9). Let g = 523 + -478. What is the greatest common factor of h and g?
9
Let j = 0 - -7. Suppose 3*i + j*i - 1020 = 0. Calculate the highest common factor of i and 6.
6
Let n(z) = -12*z + 4*z**3 + 0*z**3 - 3*z**3 - 1 + 11*z + 4*z**2. Let l = -9 + 6. Let a be n(l). Calculate the highest common factor of 11 and a.
11
Let v = -70 - -129. Suppose -2*y = 5*u + v, 2*y - 4*y + 3*u - 99 = 0. Let m be 10/(-4)*y/3. What is the greatest common factor of m and 5?
5
Let z be 638/44 + (-9)/(-6). What is the highest common factor of z and 1296?
16
Suppose -26 = -1555*x + 1553*x. Calculate the highest common divisor of 676 and x.
13
Let g(q) = -q**2 + 4*q + 5. Let w be g(5). Suppose -x + 30 = -w*x. Let j = 148 - 138. What is the greatest common divisor of j and x?
10
Suppose -3*j - 2*z = -18, 0*j + 2*z - 26 = -5*j. Suppose 54 = -s + j*s. Calculate the greatest common divisor of s and 9.
9
Suppose k - 2*k + 26 = 3*u, -k + u + 6 = 0. Let c = k - 10. Suppose -s + 4 = -c, -111 = -4*x + 5*s. Calculate the greatest common factor of x and 51.
17
Let n = -24 + 26. Suppose n*o = 213 - 203. Let d(p) = 4*p + 4. Let z be d(4). What is the greatest common factor of z and o?
5
Let c(m) = 3*m**2 - 68*m - 74. Let h be c(26). Calculate the greatest common factor of 6 and h.
6
Suppose 4*i - l + 5*l - 4 = 0, 2*i = -4*l - 6. What is the highest common divisor of i and 355?
5
Let z = 4 + -4. Suppose z*l + 56 = 2*l. Suppose 2*n = 5*o - 200, -3*n = -2*o + 2*n + 59. Calculate the highest common divisor of l and o.
14
Let w(t) = 171*t. Let h(v) = -512*v. Let m(y) = -5*h(y) - 14*w(y). Let a be m(1). Let s = -112 + a. What is the highest common factor of 6 and s?
6
Suppose -4*t + 75 - 7 = 5*k, t - 2*k = 4. Let y be ((-25)/10)/((-2)/t). What is the highest common factor of 60 and y?
15
Let k be ((-8)/10)/(2/(-5)). What is the highest common factor of k and 16?
2
Suppose -37 = -u - 5*d, -2*u + 6*u - 240 = 3*d. What is the greatest common divisor of 513 and u?
57
Let u be (-116)/6*(-12)/(-8). Suppose 20 = 5*o, -5*k - 3*o = -0*o - 282. Let s = k + u. What is the greatest common factor of 5 and s?
5
Suppose 4*c = 4*y + 8, 1 + 7 = -3*c - 4*y. Let x(i) = i**3 - i**2 - i + 7. Let q be x(c). What is the highest common divisor of q and 7?
7
Suppose -2 = b, -447*b + 442*b + 2195 = 5*w. Calculate the greatest common factor of w and 9.
9
Let g(f) = -687*f - 1338. Let p be g(-8). What is the highest common factor of 14 and p?
14
Let m = -230 + 390. What is the greatest common divisor of m and 64?
32
Let f be (2*10 - 1) + -1. Suppose 6*z + 4*z - 17*z = -210. Calculate the highest common divisor of f and z.
6
Let i = -307 + 469. What is the highest common factor of i and 18?
18
Suppose -6 = 4*f - 30. Let x = -219 - -267. What is the highest common factor of x and f?
6
Let j(q) = q - 1. Let d be j(10). Let h = 451 + -269. Suppose 0 = -3*k - 5*b + h + 51, 4*k = 2*b + 328. Calculate the greatest common factor of d and k.
9
Let d = 910 - 906. What is the highest common factor of 212 and d?
4
Suppose 0 = 2*i - 7*i - 4*d - 51, -3*d - 5 = -i. Let t be ((-12)/(-14))/((-1)/i). What is the greatest common factor of t and 3?
3
Suppose -8*a = -10*a + 130. Suppose -a = -5*x + 40. Calculate the highest common factor of x and 147.
21
Suppose 2*t - c - 6 = 18, 0 = 2*t - 4*c - 36. What is the highest common divisor of 6 and t?
2
Let k = 152 - 75. Let a be (-402)/(-33) + (-14)/k. Calculate the highest common factor of a and 3.
3
Let t = -81 + 123. Suppose -4*i + t + 78 = 0. Let x be 10*2 + 0*(-7)/35. Calculate the greatest common factor of x and i.
10
Let x(f) = f**3 + 5*f**2 - 6*f + 4. Let u be x(-6). Let b be u/16 - 62/(-8). Let c be (-2)/b - 264/(-32). What is the greatest common factor of c and 24?
8
Let l = 893 - 773. What is the highest common divisor of l and 24?
24
Let y(t) = 2*t - 2. Let d be y(11). Let g(l) = -2*l**3 + 8*l**2 - 3*l + 1. Let i be g(3). Calculate the greatest common factor of i and d.
10
Let g be (-3)/(2 + (-115)/57). Suppose -59 = -6*d + 55. Calculate the greatest common factor of g and d.
19
Let q be (41 - 3)/((-14)/(-147)). What is the greatest common factor of q and 228?
57
Let b(x) = 45*x + 1. L